r and i.
5
Suppose -w - 3 - 2 = 0. Let d(o) = o + 1. Let s(f) = -4*f - 6. Let x(c) = w*d(c) - s(c). Let a be x(-2). Calculate the highest common divisor of a and 27.
3
Suppose 2*n + 1 = 5. Let i be 1 - (n*-5 + -2). Calculate the highest common divisor of 13 and i.
13
Let i = 28 + 4. Let g(a) = -a**3 - 7*a**2 + 8*a + 4. Let v be g(-8). What is the greatest common divisor of i and v?
4
Let g(n) = 2*n + 13. Let h(o) = -o + 1. Let d(s) = g(s) + h(s). Let c be d(0). What is the highest common divisor of 14 and c?
14
Let r(b) = 4*b**2 + 3*b + 4. Let a be r(-3). Suppose -3*z = -7*z. Suppose z = 2*v - a - 3. Calculate the greatest common divisor of v and 17.
17
Let t(n) = n**2 - 9*n + 12. Let o = -5 + 13. Let c be t(o). Suppose j - 21 = h, h = -c*j + 83 + 6. What is the greatest common factor of 2 and j?
2
Let g be (-5 - -3 - -3)*0. Suppose 5*h - 1 - 79 = g. What is the highest common factor of 176 and h?
16
Let o = 57 - 45. Calculate the greatest common factor of 12 and o.
12
Suppose 0*a - 4 = 2*a + 4*h, a - h = 7. Calculate the greatest common factor of a and 16.
4
Let g be -6*1*(-3)/6. Suppose -g*h = -17 + 2. Suppose -20 = h*o - 110. Calculate the highest common divisor of o and 27.
9
Suppose 3 = j - 0*j. Let g be 2 + 4*j/6. Suppose 6 - 18 = -g*l. Calculate the highest common divisor of 24 and l.
3
Let y = -50 - -72. What is the greatest common divisor of y and 198?
22
Let u be -25 - (0 + (-1)/1). Let j = u - -35. Suppose 12 = i - 4*d - j, i - 28 = -d. Calculate the greatest common divisor of i and 18.
9
Let z(v) = -v + 4. Let k be z(2). Suppose k*o - 2 = o. Calculate the highest common divisor of o and 1.
1
Let i = 25 - 20. What is the highest common divisor of 40 and i?
5
Suppose 0*u - 93 = -u. Suppose -190 = 7*v - 12*v. Let a = u - v. What is the highest common divisor of 22 and a?
11
Let t = -1059 - -1500. Suppose -5*p - 7*r + 3*r + t = 0, 89 = p + r. Calculate the greatest common divisor of 17 and p.
17
Let y = -41 + 90. Calculate the greatest common factor of 14 and y.
7
Let b be (-1)/(-2)*6*4. What is the highest common divisor of b and 132?
12
Suppose -5*l + 170 = c + c, -3*l + 5*c + 71 = 0. Calculate the highest common divisor of l and 24.
8
Let h be (-2456)/(-20)*-5*1. Let i be h/(-11) - (-2)/11. Let v be 2/(-8) - 58/(-8). What is the highest common factor of v and i?
7
Let c(m) = -m**3 + 7*m**2 + 4*m + 4. Let p be c(7). Suppose 5*l + g - 26 = -g, -4*g = -5*l + 8. What is the greatest common factor of l and p?
4
Suppose -3*s + 205 = 190. What is the greatest common factor of 80 and s?
5
Let n(s) = -s + 6. Let y be n(7). Let a(u) = -15*u**2 - 1. Let o be a(y). Let p be (-252)/o + (-2)/(-8). Calculate the greatest common divisor of p and 2.
2
Suppose -16 = -y - 2. Let m(j) = j**2 + 5*j + 11. Let p be m(-8). Calculate the greatest common divisor of y and p.
7
Let v(z) = -z - 1. Let k be v(-6). What is the highest common divisor of k and 45?
5
Let y = 5 - 4. Let f be -2 + (-195)/(-2 - y). Calculate the highest common divisor of f and 21.
21
Let s be (-5)/5*(-2 - -1). Let m = 11 + s. Calculate the greatest common factor of 108 and m.
12
Suppose -6 = -x - 0*x. Suppose -x*m = -3*m - 15. Suppose -2*l + 2*i - 2 = 0, -2*l = -l + 2*i - m. Calculate the highest common factor of 7 and l.
1
Let p(h) = h**3 + 1. Let m be p(-2). Let k = 17 - m. Let z(l) = -7*l**3 + 1. Let y be z(-1). What is the highest common divisor of k and y?
8
Suppose -45 = -4*l - 3*y + 256, 2*l - y - 153 = 0. What is the highest common divisor of 19 and l?
19
Let f be 3/4 - (-548)/16. Calculate the greatest common divisor of 5 and f.
5
Suppose -2*n + 264 = 66. What is the greatest common divisor of n and 11?
11
Suppose -4*k + 4*m + 124 = 2*m, -4*m = 3*k - 82. What is the greatest common divisor of 15 and k?
15
Let l = 85 - 59. Calculate the highest common factor of l and 39.
13
Suppose 3*y - 2*y - 1 = 0. Suppose 0 = -3*w + 4*o + 17, 0*w + 2*w = -3*o. Suppose -21 = -w*f - 0*f. What is the greatest common divisor of f and y?
1
Let u = 1 - -1. Suppose 4 = k + 3*v, -3*k + 4*v + u = 3*v. Suppose -3*x = -c - 22, 0 = 3*x + 3*c + 2*c - 16. What is the greatest common factor of x and k?
1
Suppose 3*x = 10 - 1. Suppose -x*p = -p - 18. Suppose 9*u = 4*u + 5*g + 340, 4*u - g - 284 = 0. Calculate the greatest common divisor of u and p.
9
Let l = 148 + 15. Let t = l - 107. Let j be (7/(-2))/((-1)/2). What is the highest common factor of t and j?
7
Let h be (54/(-15))/((-1)/20). What is the greatest common divisor of 8 and h?
8
Let d = 112 - 60. Let w = -2 + 3. Let b be 2 - d/(w*-2). Calculate the greatest common divisor of 4 and b.
4
Let t(q) = 2*q**2 - 2*q - 2. Let d be t(7). Suppose -n = -4*k + 91, -3*k = -0*k + 2*n - d. What is the greatest common divisor of 8 and k?
8
Suppose 44 = 5*i - 61. Let t = i - 15. Let v be (10/6)/(t/90). Calculate the highest common factor of v and 10.
5
Let p = -62 + 89. Suppose 2*s = 21 - 3. What is the highest common factor of p and s?
9
Let z be 2 - 3 - 2 - -102. Calculate the greatest common divisor of z and 11.
11
Let s = -22 + 26. What is the greatest common divisor of 44 and s?
4
Let m be (-23)/(-7) - (-12)/(-42). Suppose 46 + 185 = m*n. Let r(x) = -x**3 - 6*x**2 - x + 5. Let o be r(-6). Calculate the greatest common divisor of n and o.
11
Let j = -41 - -53. Suppose 13 = 3*m + 4*q, -q - 4*q = -5*m - 25. Let x be 1 + 11 - 0/m. Calculate the greatest common divisor of x and j.
12
Let w(s) = s**3 + 3*s**2 - 4*s - 6. Let l be w(-4). Let a(o) = o**3 + 5*o**2 - 7*o. Let q be a(l). What is the highest common factor of q and 42?
6
Let y be 3 + (-2858)/(-18) - (-2)/9. What is the greatest common factor of y and 18?
18
Let p = 38 + -26. What is the highest common factor of p and 108?
12
Suppose -5*j + 10 = -w + 4*w, j + 5*w = 24. Let a(b) = 67*b**2 - 2*b - 1. Let h be a(j). What is the highest common factor of 17 and h?
17
Let y be (24 - (-9)/(-3))*12/36. Suppose 0 = 3*s + 1 - 4. Calculate the highest common factor of s and y.
1
Let r(i) = -3*i + 6. Let k be r(2). Suppose -y + 2*s + 11 = k, -2*y - 2*s - 3*s = 14. Calculate the highest common divisor of 3 and y.
3
Let u(b) = 4*b**3 + 2*b**2 - b + 1. Let c be u(2). Suppose -2*m - y + 27 = 0, -4 - 1 = -5*y. Calculate the highest common divisor of c and m.
13
Suppose 0 = -2*q + v + 195, 3*q - 4*v - v = 289. What is the greatest common divisor of 14 and q?
14
Let m(x) = 4*x + 5. Let a be m(-4). Let f = 36 + a. What is the greatest common factor of f and 200?
25
Suppose -2*z - 30 = -g + 2*z, 40 = 5*g + 2*z. What is the greatest common factor of g and 160?
10
Let h = -17 + 29. Calculate the highest common factor of h and 72.
12
Let f = -146 - -162. What is the greatest common factor of 6 and f?
2
Let x(p) = -9*p**2 + 5*p**3 - p**3 + 4*p + 5*p - 1 - 3*p**3. Let s be x(8). Suppose -33 = -2*k - s. What is the greatest common factor of k and 39?
13
Suppose 0 = -0*d - d + 7. Let l be (2/(-4))/((-2)/500). Let h = l + -62. What is the greatest common divisor of h and d?
7
Suppose 0 = -d + 88 + 44. What is the highest common divisor of d and 12?
12
Suppose 0 = -b - 0 + 19. Let s be b + 1/(-2)*-2. What is the highest common factor of 50 and s?
10
Suppose 4*i + i - 1175 = 0. What is the greatest common divisor of i and 94?
47
Let n(t) = 7*t - 27. Let h be n(9). Calculate the highest common divisor of 3 and h.
3
Let a be 4 - (-822)/42 - (-3)/7. Calculate the highest common factor of 8 and a.
8
Let x be 4/(-2 - -1) - -81. Suppose -6 + 21 = 3*g + 2*m, 5*g = -3*m + 26. What is the highest common factor of g and x?
7
Let g(o) = -2*o - 13. Let d be g(-12). What is the highest common factor of 55 and d?
11
Let f(d) = -d. Let q be f(0). Let l be (q - 0/(-3)) + 2. Suppose r - 16 = l. What is the highest common divisor of 27 and r?
9
Let x(j) = -j**3 - 6*j**2 - 7*j - 3. Let v be x(-5). Suppose 4*b - 107 = -4*o - v, -127 = -4*b + 5*o. What is the greatest common factor of 7 and b?
7
Suppose -3*j - 3 = -3*z - 0*z, 5*j = -3*z + 11. Calculate the greatest common factor of z and 2.
2
Let g = -39 - -1. Let s be (-3 - g) + (0 - 1). What is the highest common factor of s and 85?
17
Let b = 123 - 73. Calculate the greatest common factor of b and 450.
50
Let q(w) = -3*w**3 - w**2 + w + 1. Let p be q(-2). Suppose -5*x + s + 13 = 0, 9*s = 2*x + 4*s - 